 1). Let r be q(k). What is the greatest common factor of r and 5?
5
Let k be (-114)/1*1932/(-207). Calculate the greatest common factor of 114 and k.
38
Let y(g) = -17118*g + 102743. Let w be y(6). Let i = 11 - 6. What is the highest common divisor of i and w?
5
Let m(c) = 2*c**2 + c + 3. Let o be m(-1). Suppose o*h + 5 = 3*h, 3*z + 5*h = 32. What is the highest common factor of z and 703?
19
Let u be (-4 - 214711/(-63)) + 1/(-9). What is the highest common divisor of u and 23?
23
Let z be (24 - 31)*36/(-14). Suppose 0 = -11*c + 8*c + 561. Let k be 18/63 + c/7. Calculate the highest common factor of z and k.
9
Let p = 270 + -216. Let r be p*((-1)/3)/((-4)/18). What is the highest common divisor of 54 and r?
27
Let c(p) = -99*p. Let b be c(-3). Let q = 384 + 266. Let a = q + -617. Calculate the greatest common factor of b and a.
33
Let s(r) = 71*r + 2527. Let a be s(-33). Suppose -3*f + 4*h = -32, -h + 0*h = -5*f + 42. Let x = 15 + f. What is the highest common divisor of x and a?
23
Let z = 12 + -7. Suppose 2*j = 3*x - 295, 20 = -z*j + j. Suppose 5*r + x = 4*y, -4*y + 73 + 16 = -3*r. What is the highest common factor of y and 8?
4
Suppose 0 = q - 0*q - 68. Suppose s - q = 283. Suppose -2*i + s = i. Calculate the greatest common factor of 13 and i.
13
Let a be 19 - ((-2)/((-48)/(-18))*12)/(-3). What is the greatest common divisor of 1744 and a?
16
Suppose 5*j = -g + 589, -52*g + 50*g = -5*j + 577. Calculate the greatest common divisor of j and 1248.
39
Suppose 117*o = 122*o. Let i be (-7)/14*(o + -2 - 40). What is the greatest common divisor of i and 3?
3
Let m(p) = -p**3 - 2*p**2 - 4*p - 4. Let h be m(-6). Let d be (-164)/(-6)*(4120/880 - 6/33). Calculate the highest common divisor of d and h.
41
Suppose -23*k = 2102 - 5621. Let j(y) = -y**3 - 11*y**2 - 13*y - 13. Let v be j(-10). What is the greatest common factor of v and k?
17
Let u be 53*-9*(-21)/9. What is the highest common divisor of 2067 and u?
159
Suppose 189*o = 114*o + 600. Suppose -2*y + 12 = y. Suppose y*r = -75 + 363. Calculate the highest common factor of o and r.
8
Let j be 14/21*(1/4 - -4)*18. Calculate the highest common divisor of 1564 and j.
17
Suppose 2*i - 536 = d, 2*d - 552 = -2*i + 7*d. Let f = i - 168. Calculate the greatest common divisor of 42 and f.
14
Let i be -3*1 - 5/(25/(-15)). Suppose 96 = 4*k - i*k. Suppose -4*n + 45 = 3*p, -5 = -4*n + p + 44. What is the greatest common factor of n and k?
12
Suppose -16*c + 105 = -39. Suppose 0 = 2*d - 33 - 249. Suppose -2*w + d = f, 3*w - 219 = -3*f + 4*f. Calculate the greatest common factor of w and c.
9
Let j(y) = -16*y + 560. Let x be j(-14). Calculate the greatest common divisor of x and 80.
16
Let b(j) = 21*j + 89. Let r be b(-4). Suppose -4*q + 82 = 4*h - 50, -115 = -3*q + r*h. What is the greatest common factor of 28 and q?
7
Let m(t) = -448*t - 5202. Let n be m(-12). Calculate the greatest common divisor of 42 and n.
6
Let h = 242 + -342. Let x = -89 - h. What is the highest common factor of 275 and x?
11
Let c(g) = -10*g - 83. Let i be c(-10). Suppose i*w - 5*w - 936 = 0. Calculate the greatest common factor of w and 6.
6
Suppose 0 = -16*o + 898 + 3070. Calculate the greatest common factor of o and 589.
31
Let t = -148 - -149. Let w be (t*(-40)/12)/(1/(-24)). What is the greatest common divisor of 16 and w?
16
Let j be ((-17)/(-34)*-1)/(-3 + (-46167)/(-15390)). Calculate the greatest common factor of j and 380.
95
Let l(u) = 152*u + 160. Let i be l(-7). Let x be 2 - (i/18 - (-8)/36). What is the highest common factor of x and 702?
26
Suppose -12*c - 25*c = 16*c - 101760. What is the greatest common divisor of 75 and c?
15
Suppose -654 = -3*u + 5*j, 546*j - 708 = -3*u + 542*j. Calculate the greatest common factor of 132 and u.
12
Let a(d) = d**3 + 41*d**2 + 37*d - 50. Let w be a(-40). What is the greatest common divisor of 42 and w?
14
Let l be (-7)/((-14)/152)*(-3 - (-110)/20). Calculate the highest common factor of l and 70.
10
Let a(t) = 20*t**2 + 67*t - 308. Let m be a(6). What is the highest common factor of m and 296?
74
Let v(j) be the second derivative of j**4/6 + 2*j**3/3 - 3*j**2 + 41*j. Let q be v(-5). Suppose 0*f = 9*f - 216. Calculate the highest common factor of f and q.
24
Let s = 1145 - 1037. Let h(q) = q**2 + 11*q - 2. Let z be h(-8). Let g = z - -44. What is the greatest common factor of g and s?
18
Let h be 9/6 - ((-175)/(-10))/5. Let i be (h - 22)*(-112)/21. What is the highest common divisor of i and 16?
16
Let k be (205/2)/(2/4). What is the greatest common divisor of k and 3362?
41
Suppose 2968 = 14*t + 2842. Calculate the highest common factor of 576 and t.
9
Suppose 70*f - 65*f - 3*i = 2928, 4*f - 2*i - 2344 = 0. What is the greatest common divisor of f and 216?
12
Let p(y) = -292*y + 25747. Let w be p(88). Let f(u) = -6*u. Let r be f(-1). What is the highest common factor of r and w?
3
Let t(l) = 11*l**3 - 4*l**2 - 8*l - 6. Let s be t(-1). Let f be ((2 - -70) + (s - -17))*7. Calculate the highest common divisor of f and 28.
28
Let s = 257010 + -256044. Let d(m) = m**3 - 2*m**2 - 5*m - 4. Let n be d(5). What is the greatest common divisor of s and n?
46
Suppose 43*m - 1022 + 291 = 0. Suppose 0 + 8 = u. Let q be 34/u*(19 - 3). What is the greatest common divisor of q and m?
17
Let c(m) = 52*m**2 + 16*m + 524. Let x be c(-11). What is the highest common factor of x and 160?
80
Let w(i) = -i**2 - 2*i + 1. Let q be w(-2). Let a = -91 + 93. Suppose 2 = v - a. What is the highest common divisor of v and q?
1
Let j(h) = 9*h**2 + 2*h + 3. Suppose -13*w + w + 36 = 0. Let t be j(w). Calculate the greatest common divisor of t and 20.
10
Let n = -31 + 43. Let f be 1/2*(-8 + 0). Let t be (6/(-15))/(0 + f/60). Calculate the greatest common divisor of t and n.
6
Suppose 144 = 25*i + 20*i + 54. Suppose 2*l = 8, 0 = 3*h - 4*h - 4*l + 6. Let n = h + 14. Calculate the highest common divisor of n and i.
2
Let b = 10 - 4. Let t be (3/(-3 - -2))/((-3)/b). Let r(c) = 6*c - 16. Let u be r(t). What is the highest common factor of u and 80?
20
Suppose -23 = g - 57. Suppose -g*s = -30*s - 412. Suppose -10*f + s - 3 = 0. What is the greatest common factor of f and 40?
10
Let n(y) = -y**3 - 35*y**2 + 37*y + 53. Let x be n(-36). What is the greatest common divisor of 3383 and x?
17
Let l be ((-169)/1183 + 8/7)*16424. What is the greatest common factor of 8 and l?
8
Let k(o) = -o**2 - 37*o - 37. Let d be k(-19). Let l = d + -53. What is the greatest common divisor of l and 28?
28
Suppose 3*i + 202 - 208 = 0, -4*i = -2*s + 39718. What is the greatest common factor of s and 9?
9
Let c = 58 - -54. Let i be 42/8 + (-140)/c. What is the greatest common factor of 34 and i?
2
Let c be (-9)/(-36)*6*138. Calculate the highest common divisor of c and 18.
9
Suppose -105*q - 12565 = -4*n - 100*q, 6 = 2*q. What is the highest common divisor of n and 555?
185
Let p(f) = 31*f**3 - 49*f**2 + 51*f - 1. Let t be p(1). Calculate the greatest common factor of 1888 and t.
32
Let u be 27/((-6 + (-329)/(-56))/(6/(-8))). Calculate the highest common divisor of 2997 and u.
81
Suppose -17*y + 582 = 293. Let k be (2 + -34 + 1)*-9. Let s = k - 92. What is the highest common divisor of s and y?
17
Let u be 1248/3 + 1 + -7. Suppose 0 = -5*l + 7*y - 5*y + 690, -3*l + 2*y + u = 0. What is the greatest common factor of l and 20?
20
Let r = -8312 + 14011. Calculate the highest common divisor of r and 328.
41
Suppose 10*p = 6*p + 116. Let a = p - 26. Suppose a*s + 125 = 4*q + 6*s, -4*s = -3*q + 75. Calculate the highest common factor of 319 and q.
29
Suppose -q - q = -b - 2574, 1282 = q - 3*b. Let i be (-11)/((-11)/(-112))*(400/(-40) + 19/2). Calculate the greatest common factor of q and i.
56
Let c = 23610 + -18801. Calculate the greatest common factor of c and 7.
7
Let z(i) = -i**3 + i**2 + 11*i - 4. Let b be z(-5). Suppose 98*v = b*v + 1708. What is the highest common divisor of v and 61?
61
Suppose 3*z + 54725 = 4*u + 137023, 0 = z + 3*u - 27411. Calculate the greatest common divisor of 42 and z.
42
Suppose 4*s = -t + 30, 378*t - 44 = -5*s + 380*t. Let m(y) = -y**3 - 9*y**2 - 7*y + 10. Let q be m(-8). Calculate the highest common factor of q and s.
2
Let v(y) = -13*y - 8. Let d be v(-4). Let j be (2*5/(-15))/(1/(-3)). Suppose 68 + 724 = j*k. What